git of 113119?
1
What is the hundred thousands digit of 3249742?
2
What is the ten thousands digit of 3799005?
9
What is the ten millions digit of 21394285?
2
What is the units digit of 88065?
5
What is the thousands digit of 1046035?
6
What is the units digit of 5849301?
1
What is the tens digit of 359231?
3
What is the hundreds digit of 1917269?
2
What is the units digit of 979379?
9
What is the hundred thousands digit of 1696673?
6
What is the units digit of 5356681?
1
What is the hundred thousands digit of 3390202?
3
What is the ten thousands digit of 82806?
8
What is the millions digit of 10741957?
0
What is the tens digit of 232204?
0
What is the ten thousands digit of 98652?
9
What is the millions digit of 2330411?
2
What is the ten thousands digit of 392960?
9
What is the tens digit of 15453523?
2
What is the tens digit of 380563?
6
What is the hundred thousands digit of 11854454?
8
What is the thousands digit of 547646?
7
What is the millions digit of 4893628?
4
What is the tens digit of 9915958?
5
What is the ten millions digit of 27941849?
2
What is the tens digit of 716707?
0
What is the hundreds digit of 863935?
9
What is the millions digit of 3503611?
3
What is the hundreds digit of 7430749?
7
What is the tens digit of 158296?
9
What is the ten thousands digit of 651682?
5
What is the ten thousands digit of 3252427?
5
What is the units digit of 13460444?
4
What is the millions digit of 10773252?
0
What is the units digit of 864525?
5
What is the millions digit of 1575456?
1
What is the hundreds digit of 257337?
3
What is the ten thousands digit of 20154565?
5
What is the hundreds digit of 24263545?
5
What is the tens digit of 6411626?
2
What is the thousands digit of 2271980?
1
What is the ten thousands digit of 6152970?
5
What is the hundred thousands digit of 101913?
1
What is the millions digit of 8820689?
8
What is the hundreds digit of 196202?
2
What is the units digit of 13168501?
1
What is the tens digit of 15446336?
3
What is the tens digit of 7098558?
5
What is the thousands digit of 350931?
0
What is the tens digit of 198844?
4
What is the hundred thousands digit of 800513?
8
What is the ten thousands digit of 709948?
0
What is the hundred thousands digit of 268542?
2
What is the ten thousands digit of 684959?
8
What is the thousands digit of 617939?
7
What is the units digit of 23067476?
6
What is the ten millions digit of 10755440?
1
What is the ten thousands digit of 737280?
3
What is the ten thousands digit of 120379?
2
What is the thousands digit of 323803?
3
What is the thousands digit of 3387425?
7
What is the hundreds digit of 123565?
5
What is the hundred thousands digit of 1844000?
8
What is the units digit of 5597825?
5
What is the ten thousands digit of 478276?
7
What is the hundreds digit of 16803?
8
What is the tens digit of 8213860?
6
What is the units digit of 18141148?
8
What is the hundred thousands digit of 282758?
2
What is the millions digit of 1208729?
1
What is the units digit of 10436742?
2
What is the hundreds digit of 10093385?
3
What is the hundred thousands digit of 7527029?
5
What is the ten thousands digit of 5889608?
8
What is the tens digit of 27035994?
9
What is the ten thousands digit of 2741145?
4
What is the ten thousands digit of 6243113?
4
What is the hundred thousands digit of 14976947?
9
What is the millions digit of 1774214?
1
What is the units digit of 175587?
7
What is the ten thousands digit of 3587910?
8
What is the units digit of 1301242?
2
What is the tens digit of 6198645?
4
What is the tens digit of 363318?
1
What is the hundred thousands digit of 5288087?
2
What is the units digit of 797596?
6
What is the units digit of 281822?
2
What is the hundreds digit of 413359?
3
What is the ten thousands digit of 265120?
6
What is the tens digit of 204164?
6
What is the hundreds digit of 364518?
5
What is the units digit of 1057965?
5
What is the tens digit of 798749?
4
What is the hundred thousands digit of 185234?
1
What is the units digit of 106790?
0
What is the millions digit of 1011442?
1
What is the thousands digit of 4370864?
0
What is the units digit of 478286?
6
What is the tens digit of 1907723?
2
What is the ten thousands digit of 122459?
2
What is the hundred thousands digit of 198551?
1
What is the hundred thousands digit of 2441712?
4
What is the tens digit of 246799?
9
What is the hundred thousands digit of 808893?
8
What is the thousands digit of 298613?
8
What is the hundreds digit of 16829584?
5
What is the units digit of 1040727?
7
What is the thousands digit of 244659?
4
What is the hundreds digit of 1000055?
0
What is the thousands digit of 1398979?
8
What is the hundred thousands digit of 235110?
2
What is the units digit of 10493574?
4
What is the units digit of 196544?
4
What is the units digit of 184656?
6
What is the hundred thousands digit of 17974202?
9
What is the tens digit of 105821?
2
What is the units digit of 643962?
2
What is the hundreds digit of 58967?
9
What is the tens digit of 157127?
2
What is the units digit of 1390591?
1
What is the units digit of 312920?
0
What is the hundred thousands digit of 4657701?
6
What is the thousands digit of 4453990?
3
What is the tens digit of 213129?
2
What is the millions digit of 4110654?
4
What is the thousands digit of 309247?
9
What is the ten thousands digit of 342517?
4
What is the ten thousands digit of 260701?
6
What is the hundred thousands digit of 1426525?
4
What is the ten millions digit of 22230876?
2
What is the thousands digit of 773976?
3
What is the units digit of 74319?
9
What is the thousands digit of 1581837?
1
What is the tens digit of 33168949?
4
What is the thousands digit of 37568?
7
What is the ten thousands digit of 15439425?
3
What is the thousands digit of 292671?
2
What is the millions digit of 1329366?
1
What is the ten thousands digit of 2931103?
3
What is the ten thousands digit of 1608070?
0
What is the tens digit of 927933?
3
What is the thousands digit of 642383?
2
What is the ten thousands digit of 7465168?
6
What is the millions digit of 5329340?
5
What is the thousands digit of 4524709?
4
What is the hundreds digit of 1965630?
6
What is the hundreds digit of 966533?
5
What is the millions digit of 2231892?
2
What is the hundreds digit of 1786863?
8
What is the hundreds digit of 11024528?
5
What is the hundreds digit of 84881?
8
What is the ten thousands digit of 200237?
0
What is the tens digit of 15585953?
5
What is the tens digit of 1899155?
5
What is the tens digit of 418235?
3
What is the thousands digit of 315518?
5
What is the units digit of 289336?
6
What is the hundreds digit of 14630916?
9
What is the ten thousands digit of 929264?
2
What is the units digit of 16864355?
5
What is the millions digit of 1823664?
1
What is the tens digit of 9224985?
8
What is the thousands digit of 1705690?
5
What is the hundreds digit of 344644?
6
What is the units digit of 73063?
3
What is the thousands digit of 814233?
4
What is the thousands digit of 174863?
4
What is the ten thousands digit of 1124377?
2
What is the ten thousands digit of 28409?
2
What is the units digit of 471278?
8
What is the thousands digit of 417114?
7
What is the ten thousands digit of 4286568?
8
What is the tens digit of 12528?
2
What is the tens digit of 690580?
8
What is the hundred thousands digit of 626758?
6
What is the hundreds digit of 33441225?
2
What is the ten thousands digit of 610666?
1
What is the thousands digit of 369031?
9
What is the hundreds digit of 133266?
2
What is the tens digit of 76349?
4
What is the ten thousands digit of 896573?
9
What is the hundreds digit of 2092470?
4
What is the ten thousands digit of 889466?
8
What is the ten thousands digit of 324567?
2
What is the hundreds digit of 7710?
7
What is the tens digit of 467484?
8
What is the hundred thousands digit of 13624154?
6
What is the ten thousands digit of 301559?
0
What is the ten thousands digit of 3683743?
8
What is the hundred thousands digit of 1115016?
1
What is the hundred thousands digit of 777883?
7
What is the units digit of 6824393?
3
What is the millions digit of 9965575?
9
What is the millions digit of 7173466?
7
What is the millions digit of 1063225?
1
What is the hundred thousands digit of 137277